{"id":398,"date":"2018-11-21T17:41:34","date_gmt":"2018-11-21T16:41:34","guid":{"rendered":"https:\/\/lp.zahnmedizinzentrum.com\/zahnarzt-leipzig\/?page_id=398"},"modified":"2019-04-25T11:34:59","modified_gmt":"2019-04-25T09:34:59","slug":"impressum","status":"publish","type":"page","link":"https:\/\/lp.zahnmedizinzentrum.com\/zahnarzt-leipzig\/impressum\/","title":{"rendered":"Impressum"},"content":{"rendered":"\t\t<div data-elementor-type=\"wp-post\" data-elementor-id=\"398\" class=\"elementor elementor-398 elementor-bc-flex-widget\">\n\t\t\t\t\t\t<div class=\"elementor-inner\">\n\t\t\t\t<div class=\"elementor-section-wrap\">\n\t\t\t\t\t\t\t\t\t<section class=\"elementor-section elementor-top-section elementor-element elementor-element-6f5399c elementor-section-boxed elementor-section-height-default elementor-section-height-default\" data-id=\"6f5399c\" data-element_type=\"section\">\n\t\t\t\t\t\t<div class=\"elementor-container elementor-column-gap-default\">\n\t\t\t\t\t\t\t<div class=\"elementor-row\">\n\t\t\t\t\t<div class=\"elementor-column elementor-col-100 elementor-top-column elementor-element elementor-element-8baf981\" data-id=\"8baf981\" data-element_type=\"column\">\n\t\t\t<div class=\"elementor-column-wrap elementor-element-populated\">\n\t\t\t\t\t\t\t<div class=\"elementor-widget-wrap\">\n\t\t\t\t\t\t<div class=\"elementor-element elementor-element-44041ab elementor-widget elementor-widget-text-editor\" data-id=\"44041ab\" data-element_type=\"widget\" data-widget_type=\"text-editor.default\">\n\t\t\t\t<div class=\"elementor-widget-container\">\n\t\t\t\t\t\t\t\t<div class=\"elementor-text-editor elementor-clearfix\">\n\t\t\t\t<h2>Impressum<\/h2><p>Dr. med. dent. Jens Voss<br \/>Br\u00fchl 4<br \/>04109 Leipzig<br \/>Telefon: +49 (0)341 \/ 9610096<br \/>E-Mail: info@zahnmedizinzentrum.com<\/p><h4>Zust\u00e4ndige Kammer:<\/h4><p>Landeszahn\u00e4rztekammer Sachsen (LZKS)<br \/>Sch\u00fctzenh\u00f6he 11<br \/>01099 Dresden<br \/>https:\/\/www.zahnaerzte-in-sachsen.de\/zahnaerzte\/organisationen\/lzks\/lzks_geschaeftsstelle\/<\/p><h4>Zust\u00e4ndige kassen\u00e4rztliche Vereinigung:<\/h4><p>Kassenzahn\u00e4rztliche Vereinigung Sachsen (KZVS)<br \/>Sch\u00fctzenh\u00f6he 11<br \/>01099 Dresden<br \/>https:\/\/www.zahnaerzte-in-sachsen.de\/zahnaerzte\/organisationen\/kzvs\/<\/p><h4>Berufsbezeichnung:<\/h4><p>Zahnarzt (verliehen in der Bundesrepublik Deutschland)<\/p><h4>Berufsrechtliche Regelungen:<\/h4><p>&#8211; Zahnheilkundegesetz<br \/>&#8211; Heilberufe-Kammergesetz<br \/>&#8211; Geb\u00fchrenordnung f\u00fcr Zahn\u00e4rzte<br \/>&#8211; Berufsordnung f\u00fcr Zahn\u00e4rzte<br \/>Die Regelung findet sich im Gesetzblatt des Landes Sachsen und Teledienstgesetz [TDG].<\/p><h4>Gesch\u00e4ftsf\u00fchrung und wissenschaftliche Leitung:<\/h4><p>Dr. med. dent. Jens Voss<\/p><h3>Angaben zur Berufshaftpflichtversicherung<\/h3><p>Name und Sitz des Versicherers:<br \/>Allianz Versicherungs-AG 10900 Berlin<\/p><h4>Geltungsraum der Versicherung:<\/h4><p>Deutschland<\/p><h4>Inhaltlich Verantwortlicher gem\u00e4\u00df \u00a7 55 Abs. 2 RStV:<\/h4><p>Dr. med. dent. Jens Voss<br \/>Br\u00fchl 4<br \/>04109 Leipzig<\/p><h3>Streitschlichtung<\/h3><p>Die Europ\u00e4ische Kommission stellt eine Plattform zur Online-Streitbeilegung (OS) bereit: https:\/\/ec.europa.eu\/consumers\/odr.<br \/>Unsere E-Mail-Adresse finden Sie oben im Impressum.<\/p><p>Wir sind nicht bereit oder verpflichtet, an Streitbeilegungsverfahren vor einer Verbraucherschlichtungsstelle teilzunehmen.<\/p><h4>Haftung f\u00fcr Inhalte<\/h4><p>Als Diensteanbieter sind wir gem\u00e4\u00df \u00a7 7 Abs.1 TMG f\u00fcr eigene Inhalte auf diesen Seiten nach den allgemeinen Gesetzen verantwortlich. Nach \u00a7\u00a7 8 bis 10 TMG sind wir als Diensteanbieter jedoch nicht verpflichtet, \u00fcbermittelte oder gespeicherte fremde Informationen zu \u00fcberwachen oder nach Umst\u00e4nden zu forschen, die auf eine rechtswidrige T\u00e4tigkeit hinweisen.<\/p><p>Verpflichtungen zur Entfernung oder Sperrung der Nutzung von Informationen nach den allgemeinen Gesetzen bleiben hiervon unber\u00fchrt. Eine diesbez\u00fcgliche Haftung ist jedoch erst ab dem Zeitpunkt der Kenntnis einer konkreten Rechtsverletzung m\u00f6glich. Bei Bekanntwerden von entsprechenden Rechtsverletzungen werden wir diese Inhalte umgehend entfernen.<\/p><h4>Haftung f\u00fcr Links<\/h4><p>Unser Angebot enth\u00e4lt Links zu externen Websites Dritter, auf deren Inhalte wir keinen Einfluss haben. Deshalb k\u00f6nnen wir f\u00fcr diese fremden Inhalte auch keine Gew\u00e4hr \u00fcbernehmen. F\u00fcr die Inhalte der verlinkten Seiten ist stets der jeweilige Anbieter oder Betreiber der Seiten verantwortlich. Die verlinkten Seiten wurden zum Zeitpunkt der Verlinkung auf m\u00f6gliche Rechtsverst\u00f6\u00dfe \u00fcberpr\u00fcft. Rechtswidrige Inhalte waren zum Zeitpunkt der Verlinkung nicht erkennbar.<\/p><p>Eine permanente inhaltliche Kontrolle der verlinkten Seiten ist jedoch ohne konkrete Anhaltspunkte einer Rechtsverletzung nicht zumutbar. Bei Bekanntwerden von Rechtsverletzungen werden wir derartige Links umgehend entfernen.<\/p><h4>Urheberrecht<\/h4><p>Die durch die Seitenbetreiber erstellten Inhalte und Werke auf diesen Seiten unterliegen dem deutschen Urheberrecht. Die Vervielf\u00e4ltigung, Bearbeitung, Verbreitung und jede Art der Verwertung au\u00dferhalb der Grenzen des Urheberrechtes bed\u00fcrfen der schriftlichen Zustimmung des jeweiligen Autors bzw. Erstellers. Downloads und Kopien dieser Seite sind nur f\u00fcr den privaten, nicht kommerziellen Gebrauch gestattet.<\/p><p>Soweit die Inhalte auf dieser Seite nicht vom Betreiber erstellt wurden, werden die Urheberrechte Dritter beachtet. Insbesondere werden Inhalte Dritter als solche gekennzeichnet. Sollten Sie trotzdem auf eine Urheberrechtsverletzung aufmerksam werden, bitten wir um einen entsprechenden Hinweis. Bei Bekanntwerden von Rechtsverletzungen werden wir derartige Inhalte umgehend entfernen.<\/p>\t\t\t\t\t<\/div>\n\t\t\t\t\t\t<\/div>\n\t\t\t\t<\/div>\n\t\t\t\t\t\t<\/div>\n\t\t\t\t\t<\/div>\n\t\t<\/div>\n\t\t\t\t\t\t\t\t<\/div>\n\t\t\t\t\t<\/div>\n\t\t<\/section>\n\t\t\t\t<section class=\"elementor-section elementor-top-section elementor-element elementor-element-21d1ed2 elementor-section-boxed elementor-section-height-default elementor-section-height-default\" data-id=\"21d1ed2\" data-element_type=\"section\" data-settings=\"{&quot;background_background&quot;:&quot;classic&quot;}\">\n\t\t\t\t\t\t<div class=\"elementor-container elementor-column-gap-default\">\n\t\t\t\t\t\t\t<div class=\"elementor-row\">\n\t\t\t\t\t<div class=\"elementor-column elementor-col-50 elementor-top-column elementor-element elementor-element-df3d6a6\" data-id=\"df3d6a6\" data-element_type=\"column\">\n\t\t\t<div class=\"elementor-column-wrap elementor-element-populated\">\n\t\t\t\t\t\t\t<div class=\"elementor-widget-wrap\">\n\t\t\t\t\t\t<div class=\"elementor-element elementor-element-1feebac elementor-widget elementor-widget-text-editor\" data-id=\"1feebac\" data-element_type=\"widget\" data-widget_type=\"text-editor.default\">\n\t\t\t\t<div class=\"elementor-widget-container\">\n\t\t\t\t\t\t\t\t<div class=\"elementor-text-editor elementor-clearfix\">\n\t\t\t\t<p>\u00a9 2018 &#8211;\u00a0Dr. med. dent. Jens Voss. Alle Rechte vorbehalten.<\/p>\t\t\t\t\t<\/div>\n\t\t\t\t\t\t<\/div>\n\t\t\t\t<\/div>\n\t\t\t\t\t\t<\/div>\n\t\t\t\t\t<\/div>\n\t\t<\/div>\n\t\t\t\t<div class=\"elementor-column elementor-col-50 elementor-top-column elementor-element elementor-element-a2a38dc\" data-id=\"a2a38dc\" data-element_type=\"column\">\n\t\t\t<div class=\"elementor-column-wrap elementor-element-populated\">\n\t\t\t\t\t\t\t<div class=\"elementor-widget-wrap\">\n\t\t\t\t\t\t<div class=\"elementor-element elementor-element-0bd878f elementor-widget elementor-widget-text-editor\" data-id=\"0bd878f\" data-element_type=\"widget\" data-widget_type=\"text-editor.default\">\n\t\t\t\t<div class=\"elementor-widget-container\">\n\t\t\t\t\t\t\t\t<div class=\"elementor-text-editor elementor-clearfix\">\n\t\t\t\t<a style=\"color: #fff;\" href=\"https:\/\/lp.zahnmedizinzentrum.com\/zahnarzt-leipzig\/impressum\">Impressum<\/a> | <a style=\"color: #fff;\" href=\"https:\/\/lp.zahnmedizinzentrum.com\/zahnarzt-leipzig\/datenschutz\">Datenschutz<\/a>\t\t\t\t\t<\/div>\n\t\t\t\t\t\t<\/div>\n\t\t\t\t<\/div>\n\t\t\t\t\t\t<\/div>\n\t\t\t\t\t<\/div>\n\t\t<\/div>\n\t\t\t\t\t\t\t\t<\/div>\n\t\t\t\t\t<\/div>\n\t\t<\/section>\n\t\t\t\t\t\t\t\t\t<\/div>\n\t\t\t<\/div>\n\t\t\t\t\t<\/div>\n\t\t","protected":false},"excerpt":{"rendered":"<p>Impressum Dr. med. dent. Jens VossBr\u00fchl 404109 LeipzigTelefon: +49 (0)341 \/ 9610096E-Mail: info@zahnmedizinzentrum.com Zust\u00e4ndige Kammer: Landeszahn\u00e4rztekammer Sachsen (LZKS)Sch\u00fctzenh\u00f6he 1101099 Dresdenhttps:\/\/www.zahnaerzte-in-sachsen.de\/zahnaerzte\/organisationen\/lzks\/lzks_geschaeftsstelle\/ Zust\u00e4ndige kassen\u00e4rztliche Vereinigung: Kassenzahn\u00e4rztliche Vereinigung Sachsen (KZVS)Sch\u00fctzenh\u00f6he 1101099 Dresdenhttps:\/\/www.zahnaerzte-in-sachsen.de\/zahnaerzte\/organisationen\/kzvs\/ Berufsbezeichnung: Zahnarzt (verliehen in der Bundesrepublik Deutschland) Berufsrechtliche Regelungen: &#8211; Zahnheilkundegesetz&#8211; Heilberufe-Kammergesetz&#8211; Geb\u00fchrenordnung f\u00fcr Zahn\u00e4rzte&#8211; Berufsordnung f\u00fcr Zahn\u00e4rzteDie Regelung findet sich im Gesetzblatt des Landes Sachsen [&hellip;]<\/p>\n","protected":false},"author":1,"featured_media":0,"parent":0,"menu_order":0,"comment_status":"closed","ping_status":"closed","template":"elementor_canvas","meta":[],"_links":{"self":[{"href":"https:\/\/lp.zahnmedizinzentrum.com\/zahnarzt-leipzig\/wp-json\/wp\/v2\/pages\/398"}],"collection":[{"href":"https:\/\/lp.zahnmedizinzentrum.com\/zahnarzt-leipzig\/wp-json\/wp\/v2\/pages"}],"about":[{"href":"https:\/\/lp.zahnmedizinzentrum.com\/zahnarzt-leipzig\/wp-json\/wp\/v2\/types\/page"}],"author":[{"embeddable":true,"href":"https:\/\/lp.zahnmedizinzentrum.com\/zahnarzt-leipzig\/wp-json\/wp\/v2\/users\/1"}],"replies":[{"embeddable":true,"href":"https:\/\/lp.zahnmedizinzentrum.com\/zahnarzt-leipzig\/wp-json\/wp\/v2\/comments?post=398"}],"version-history":[{"count":7,"href":"https:\/\/lp.zahnmedizinzentrum.com\/zahnarzt-leipzig\/wp-json\/wp\/v2\/pages\/398\/revisions"}],"predecessor-version":[{"id":468,"href":"https:\/\/lp.zahnmedizinzentrum.com\/zahnarzt-leipzig\/wp-json\/wp\/v2\/pages\/398\/revisions\/468"}],"wp:attachment":[{"href":"https:\/\/lp.zahnmedizinzentrum.com\/zahnarzt-leipzig\/wp-json\/wp\/v2\/media?parent=398"}],"curies":[{"name":"wp","href":"https:\/\/api.w.org\/{rel}","templated":true}]}}